-9 + -15))?
-12
5 - (3 + 10 + -5) - 9
-12
Evaluate -19 - (-7 + -72 - -35).
25
Evaluate -12 + -7 + 40 + -40.
-19
What is the value of 9 + (-16 - -7) - (-7 - 2)?
9
What is (-28 - 44 - -49) + (1 - -11)?
-11
What is -37 + 32 + 29 - (4 + -6 - -2)?
24
Evaluate 130 - 130 - (2 - (0 + -18)) - -5.
-15
Evaluate (-3 - ((-2 - -7 - 3) + 3)) + -8.
-16
What is the value of 1 - (4 + 18 + -12)?
-9
What is 746 - 730 - (20 - -1)?
-5
Evaluate -894 + 888 + (0 - -11).
5
Calculate -11 - (-7 - (3 - (-3 + 4))).
-2
-12 - 21 - -25 - -32
24
What is the value of 7 - (-8 + -4 + 19)?
0
33 + -499 + 504 + -17 + -1
20
What is -17 + -2 + (3 - -9)?
-7
Calculate (-11 - (-6 - 4)) + 15 - 10.
4
-14 + 21 + 2 + 1 + 14
24
(-15 - (-18 - 15)) + -28 - (-28 + 1)
17
What is (0 - 0) + (15 - (15 + 0 + -7))?
7
What is -1 + 3 + -1 + (-31 - -39)?
9
What is the value of -4 + 7 + (-9 - -1) + 1?
-4
Evaluate 38 + -10 + -18 + -17.
-7
What is -22 + (30 + -17 - 8) - -17?
0
Calculate 24 + (5 - (5 - -29)).
-5
Evaluate 6 - (10 - (-13 + 9)).
-8
What is the value of 6 + -4 + (1 - 0) - (-54 + 51)?
6
-8 - -5 - ((5 - 9) + 12)
-11
What is the value of (452 - 446) + (0 + 1 - -1 - 17)?
-9
Calculate (-11 - (21 - 38)) + 0.
6
0 - -12 - (-12 + 0 - -1)
23
What is the value of 30 + -5 + (8 - 18)?
15
What is the value of 31 - 0 - (-16 - -28 - 4)?
23
Evaluate ((0 - 10) + -13 - -15) + -1 + 18.
9
What is 1 + 3 + 1 - (-37 + 25)?
17
1 + (5 - 3) - (-12 + (-18 - -24))
9
Calculate 4 - ((-7 - 9 - 14) + 7).
27
Calculate 2 - 1 - -20 - (7 + 3).
11
19 - 1 - (58 - (-8 + 32))
-16
Calculate 15 + 16 + -2 + -2 + (14 - 15).
26
What is 8 + -2 + (-14 - -4) + (33 - 18)?
11
327 + -342 - (-1 - -1)
-15
What is (-4 - -8) + -7 - (2 - -2)?
-7
What is the value of (3 - -16) + -7 + 4?
16
Calculate 28 - (54 + -20 + -11).
5
Calculate -4 + (-2 - (2 + -2)) - (29 - 24).
-11
(9 - 13 - (1 - 10)) + 5
10
Calculate -17 + -1 + (3 - 29) + 34.
-10
Evaluate 2 - (1 + (27 - 17)).
-9
What is the value of 28 + -15 + -16 - (2 + 7)?
-12
Evaluate (14 - -1) + -1 - (2199 - 2198).
13
7 + -2 + -9 + 1 - (-2 - -5)
-6
Evaluate 0 + 2 - (-29 + 34 + -23 + 14).
6
Calculate -3 + (2 - -3) - (13 + -2 + -12).
3
4 - (-1 + -3 + (-3 + 0 - -8))
3
-6 - ((-2 - 0) + -22 + -46 + 47)
17
What is the value of 10 - ((35 - 25) + 1 + 5)?
-6
What is the value of -27 + 19 + -6 - -7?
-7
What is -4 - (-7 - (-14 + 24))?
13
(-6 - 24) + 7 + 6 + 0 - -6
-11
What is the value of 0 + -1 - (0 + 6 + (-60 - -29))?
24
-14 + 0 + 20 + -28 + 21
-1
-9 + (7 - (-2 - 17))
17
Evaluate -16 - (13 + -8 + -14).
-7
What is the value of 2 + 40 + -15 + -47?
-20
What is 0 + 1 + -34 + 35?
2
(12 - 25) + 9 + 5
1
What is 14 + -1 - (89 - 73)?
-3
(-15 - (-16 + 11 + 15)) + -4
-29
What is the value of 1 - (9 - (4 - (-5 + 8)))?
-7
Evaluate -27 + (0 - -6) - -7.
-14
16 + -1 + -3 + (3 - 5)
10
Evaluate 13 - (5 + (-10 - -4)) - -10.
24
What is 16 + -10 - 1 - (3 + 1)?
1
Calculate 9 - (11 - (-11 + 27)).
14
What is -3 + -6 - -7 - -9?
7
-3 - (0 + 8 + (3 - 35 - -2))
19
-9 + (27 - (-8 - (-23 - -6)))
9
-22 + 4 + -34 - -20
-32
-7 - -27 - ((0 - 6) + (2 - -5))
19
What is the value of (-26 - 3 - 1) + 8 + -2 - -8?
-16
Evaluate -20 + 19 + (-1 + 23 - (-44 + 42)).
23
Calculate -28 + -22 + 16 + 20.
-14
What is the value of 0 - -1 - ((23 - 17) + -12)?
7
Calculate -25 + 21 - ((6 - 7) + -12).
9
What is the value of (3 - 2) + (4 + -2 + 0 - 12)?
-9
Calculate -4 + (-5 - (4 - 17)) + -3 + 2.
3
What is the value of -1 + (-6 + -3 - -9) + (2 - -2)?
3
What is the value of 15 - (1 + -12 - (-79 + 61))?
8
Evaluate 0 + 0 + -9 - (564 + -570) - -6.
3
Evaluate 6 - -11 - (60 + -35) - (-16 - -1).
7
Evaluate 2 + (-14 - 0) + 8.
-4
-7 + -1 - 1 - (-24 - -17)
-2
What is the value of 1 + (-12 - (1 - 6))?
-6
Evaluate -8 - (-6 + 5 + -34).
27
What is (-4 - 6) + 14 - -6?
10
What is -15 - (18 + (14 - 38) + 3)?
-12
-15 + (-15 - 8) + 23
-15
Calculate -40 + 49 + -19 + 38.
28
What is the value of 44 + -57 + (1 - 1)?
-13
What is the value of (-9 - 1) + (93 - 85)?
-2
Evaluate (0 - 7) + -76 + 74.
-9
Evaluate 5 + (-5 - 2) + -73 + 64.
-11
46 + -56 + -1 + 3
-8
Calculate -12 + (-1 - 5) + 34.
16
Calculate 10 + (-10 - (14 + -25)).
11
What is 16 - 26 - 25 - (5 - 24)?
-16
Calculate 2 - -8 - (214 + -202).
-2
What is the value of 46 - (29 + 19) - (1 + -24)?
21
Calculate -17 - (-3 + 7 - 14).
-7
13 + 3 + -16 + -15
-15
What is the value of 6 + (17 - 6) + -17?
0
Evaluate 4 + 99 + -39 + -38.
26
2 - (8 + -30 - -25) - (2 - -1)
-4
Calculate -23 - (5 - (-16 + 27)).
-17
What is the value of (14 + 12 + -11 + -8 - 10) + -28?
-31
What is the value of 21 - (-11 - ((-6 - 0) + (-28 - -26)))?
24
What is the value of -17 - -5 - (-39 + 31)?
-4
Calculate (-2 + 16 - 7) + -9.
-2
Evaluate -18 + 10 + 9 + -1 + -7.
-7
What is 1 - -14 - (28 - (7 - -9))?
3
Calculate -863 + 847 + -2 + 0 + (1 - 3).
-20
What is (-40 + 9 - -9) + (5 - -1) + 2?
-14
Evaluate 2 + -8 + 222 + -223.
-7
35 + (0 - ((-5 - 9) + 27))
22
Evaluate -1 - (3 + -5 + -8).
9
What is the value of 24 + (-43 - -38) + 4?
23
What is (-16 - (6 + 8 + 12 + -38)) + -26?
-30
What is (-965 - -941) + 23 + -1?
-2
Evaluate -14 + (-23 - -43) - (7 + 0).
-1
Calculate 3 + (-5 - -15) + 1 + (-5 - -3).
12
What is the value of (-1362 - -1374) + (1 - 8)?
5
Evaluate -29 - (-7 - (6 + -4) - (-15 + 3)).
-32
What is 13 - (-5 + 14) - ((-5 - -10) + -19)?
18
-42 + (20 - 1 - 0 - (62 - 53))
-32
Evaluate 7 + -1 - (-27 + 26) - 28.
-21
What is -9 + (6 - 2) + -3 - (-28 + 29)?
-9
What is -1 + 7 + (111 - 118) + -7?
-8
8 + -32 - (6 + (2 - (11 + 0)))
-21
What is -28 + -41 + 31 + 19?
-19
(4 - -1) + -38 + (0 - 13) + 28
-18
Calculate -5 + 20 + -14 + 1 + -3.
-1
What is the value of 1 + (20 + -2 - (-17 + 8) - 12)?
16
Evaluate 2 - (27 + -4 - 20).
-1
Evaluate (-2 - 14) + (-34 - (25 - 49)).
-26
Evaluate 10 + -12 - (-10 - (-8 + 4 + -1)).
3
What is -5 + (8 - (-7 + 2 + 16)) + 40?
32
What is the value of (-24 - -34 - 28) + 6?
-12
Calculate (-4 - 4) + (11 - (2 - (-7 + -5))).
-11
What is -2 - -35 - 16 - 35?
-18
Calculate -3 + (-1 - 3) + -4 + -43 + 50.
-4
Evaluate -21 - (-35 + (36 - 11)).
-11
Calculate 22 + -5 - (37 + -31 + -3 + 1).
13
Calculate (1 - (12 - 22 - -5)) + -24.
-18
Evaluate 4 - (5 + 0 + -12 - -17) - 6.
-12
Calculate (7 - -17 - (0 + 5)) + -11.
8
Evaluate -6 + -13 + 39 + 1.
21
Calculate 9 + (4 - (-12 + (10 - 2))).
17
Evaluate 37 + -46 + (1 - -4 - -3) - 19.
-20
Calculate (-219 - -215) + 1 + -2 + 13 - -18.
26
Evaluate 6 + -9 + (-20 + 10 - -4) + 23.
14
What is the value of (-954 - -967) + (-1 - 46)?
-34
What is 37 - (13 + -16 - -22)?
18
What is -19 - 1 - (87 - 63 - 26)?
-18
What is 1 + -6 + -9 + 10?
-4
Evaluate -872 + 901 - (31 + 1).
-3
What is the value of 6 + -5 + -1 + -12 + 1 - 21?
-32
Evaluate 2 + 4 - 17 - 7.
-18
Evaluate 2 + 3 - ((37 - 37) + (-2 - -5)).
2
Evaluate 5 + (-2 - (0 - (1 + -1))) - 27.
-24
What is the value of 18 + 7 + -24 + 12 + 0?
13
What is the value of -13 - (-169 - -174 - (-10 - -1))?
-27
Calculate 1 - (-4 + (0 + 8 - (-15 + 21))).
3
Calculate 16 + (23 - (-19 + 73)).
-15
Calculate -1 - 20 - ((-19 - -23) + -10).
-15
Calculate -15 - -1 - (3 - 6).
-11
25 + -30 + -3 + (-3 - -4) - 3
-10
Evaluate (-35 - -38) + (-3 + 3 - 0).
3
What is the value of 13 + 3 + (-3 - 2) - (376 - 396)?
31
5 + -7 - ((15 - 11) + -3 + -10)
7
Calculate 0 - (-3 - -1 - ((27 - 9) + -10)).
10
Calculate (15 + -2 + -3 - 2) + (-698 - -714).
24
What is -7 - -10 - (6 + 1)?
-4
Evaluate -44 - (-22 + -7 + 13).
-28
What is -12 + 16 + 4 + -1 + -8?
-1
What is -7 + (-4 - -3) + 21 + 1?
14
(18 - 42 - -14) + 20
10
What is the value of 26 - (0 + 9) - 8?
9
What is the value of -6 + (0 - -5 - (18 - 16 - -1))?
-4
What is -2049 + 2019 - (-2 - (0 + 2))?
-26
-14 - (-10 - -3 - -4) - 0
-11
Calculate (-6 - (-10 + 18) - -14) + 32.
32
Calculate 6 + (-1 + -3 - -3) - -9.
14
Evaluate -92 + (110 - 30) - (0 + -11).
-1
What is the value of 0 - -1 - -1 - (-18 + 50 - 27)?
-3
Evaluate -22 + (-11 - (15 - 29)).
-19
What is the value of (2 - (-24 + 4)) + 5 + (2 - 6)?
23
Calculate 19 + 5 + -14 + 1.
11
Evaluate 3 - (-3 + 1 - -2) - (-43 - -51).
-5
What is the value of 4 + -23 + 1 + 12 + -17?
-23
What is the value of -2 + (158 - 155) + -1 + 7?
7
-12 + -21 + 55 - 6
16
-9 - (-1 + (-2 - -3) + -5 - 2)
-2
Calculate 13 - (4 + 23 - 10).
-4
-2 + -1 + -5 + (42 + -5 - 8)
21
Calculate 4 - (-4 - -5) - (10 - 12).
5
What is the value of 15 - ((-5 - (-4 + 6)) + 6)?
16
Calculate (-4 - (5 + 0 + 5